{"id":23200,"date":"2022-12-14T15:04:44","date_gmt":"2022-12-14T14:04:44","guid":{"rendered":"https:\/\/governativa.comune.varese.it\/?post_type=modelli_governance&#038;p=23200"},"modified":"2022-12-21T12:40:13","modified_gmt":"2022-12-21T11:40:13","slug":"modello-1","status":"publish","type":"governance","link":"https:\/\/www.rigenerativa.org\/it\/governance\/modello-1\/","title":{"rendered":"Come comunicare i progetti europei"},"content":{"rendered":"\n<h5 class=\"wp-block-heading\"><strong>Perch\u00e9 raccontiamo i progetti europei?<\/strong><\/h5>\n\n\n\n<p class=\"has-text-align-left\" style=\"font-size:15px\">La comunicazione ha un ruolo sempre pi\u00f9 importante in tutti gli ambiti nella vita, e i progetti europei non fanno eccezione. Il mondo moderno \u00e8 fatto di immagini, comunicazioni digitali e storie da raccontare ad un pubblico abituato a comunicazioni rapide e d\u2019impatto. I progetti europei si adeguano alla realt\u00e0 che li circonda. La Commissione europea, cos\u00ec come le istituzioni e i finanziatori di progetti in tutto il mondo, tengono particolarmente a poter dimostrare (e incrementare ulteriormente) l\u2019efficacia delle loro iniziative attraverso una buona comunicazione. \u0086Dunque, in primo luogo, comunichiamo perch\u00e9 il mondo ce lo chiede, cos\u00ec come ce lo chiedono la Commissione europea e i nostri finanziatori. Una buona strategia di comunicazione \u00e8 decisiva nell\u2019assegnazione e nella realizzazione di un progetto. Ma la comunicazione riserva anche altri vantaggi, non meno interessanti: ci mette in contatto con il nostro pubblico di riferimento e con i nostri partner, regalandoci spunti e opportunit\u00e0 importanti per la nostra attivit\u00e0; ci permette di capire meglio quello che stiamo facendo (a volte \u00e8 davvero necessario, non \u00e8 vero?); crea intorno a noi una buona immagine e una buona reputazione.<\/p>\n\n\n\n<h5 class=\"wp-block-heading\"><strong>Le dimensioni della comunicazione dei progetti europei<\/strong><\/h5>\n\n\n\n<p style=\"font-size:15px\">La comunicazione \u00e8 (per definizione) un processo complesso e multiforme. Lo \u00e8 ancora di pi\u00f9 al giorno d\u2019oggi, in cui le nuove tecnologie e i nuovi media digitali moltiplicano le opportunit\u00e0 e i mezzi per portare i nostri messaggi in tutto il mondo. Il concetto di comunicazione nei nostri progetti include alcuni aspetti strategici e concettuali: <\/p>\n\n\n\n<ul class=\"wp-block-list\">\n<li>a chi comunichiamo, perch\u00e9 e con quali risorse? quali messaggi vogliamo passare e quale immagine vogliamo dare di noi e dei nostri progetti?<\/li>\n\n\n\n<li>\u0086Dilemmi tipici: quale mix tra media classici e social media, comunicazione stampata e digitale, eventi e incontri, comunicazione classica e comunicazione virale?<\/li>\n\n\n\n<li>Dubbi operativi, ma non meno amletici: avr\u00f2 scelto l\u2019immagine giusta, il linguaggio giusto, il momento giusto, il \u201ctestimonial\u201d giusto?\u0086\u0086\u0086<\/li>\n<\/ul>\n\n\n\n<p>Una strategia di comunicazione pu\u00f2 essere pi\u00f9 o meno ambiziosa, ma \u00e8 importante (e soprattutto, pu\u00f2 funzionare) anche per progetti relativamente piccoli. Per aiutare esperti e profani nel mondo della \u201ccomunicazione di progetto\u201d sono state pubblicate varie guide, alcune molto interessanti. Vediamone insieme alcune.<\/p>\n\n\n\n<h5 class=\"wp-block-heading\"><strong>Guide delle istituzioni europee: una selezione efficace<\/strong><\/h5>\n\n\n\n<p>Iniziamo dalla fonte pi\u00f9 ufficiale in assoluto, le istituzioni europee. Le guide proposte toccano temi molto generali, ma non sono meno interessanti. Suggeriamo in particolare: <\/p>\n\n\n\n<ul class=\"wp-block-list\">\n<li>La guida della Commissione europea sulla scrittura chiara. Perch\u00e9 la buona comunicazione inizia da idee chiare e parole chiare (disponibile in tutte le lingue dell\u2019UE);\u0086<\/li>\n\n\n\n<li>Le linee-guida del Parlamento europeo sulla comunicazione, in particolare la seconda parte, dedicata all\u2019uso delle immagini per \u201craccontare storie\u201d in modo efficace;<\/li>\n\n\n\n<li>Una guida per comunicare efficacemente i valori dell\u2019UE e i diritti umani (perch\u00e9 ogni tipo progetto europeo, in ultima analisi, ne \u00e8 difensore e promotore);<\/li>\n\n\n\n<li>Una guida per la comunicazione gender-sensitive, tema sempre pi\u00f9 importante in tutte le comunicazioni di progetto;<\/li>\n<\/ul>\n\n\n\n<p>La pagina con la lista dei materiali audiovisivi ufficiali delle istituzioni europee. Segnaliamo soprattutto le varie gallerie fotografiche (tra cui ad esempio, quella della Commissione europea, con un motore di ricerca per tematica e parola-chiave). Altre guide dalle istituzioni europee con specifiche sulla comunicazione. \u0086Altre istituzioni europee e autorit\u00e0 di gestione di programmi europei pubblicano guide ancora pi\u00f9 specifiche, di sicuro interesse per chi si occupa di comunicazione sui progetti europei. Suggeriamo ad esempio: <\/p>\n\n\n\n<ul class=\"wp-block-list\">\n<li>La guida metodologica di comunicazione del Consiglio d\u2019Europa, che ripercorre in modo sintetico ed efficace tutte le tappe per la realizzazione di una strategia di comunicazione;<\/li>\n\n\n\n<li>La guida per la comunicazione di progetto del programma Interreg IV-C e una guida su media, comunicazione e cittadinanza dell\u2019iniziativa Civitas, entrambe meno recenti ma altrettanto ricche e complete;<\/li>\n\n\n\n<li>Una guida per un uso efficace delle immagini, ricca di consigli pratici, preparata nell\u2019ambito del programma di vicinato ENPI;<\/li>\n<\/ul>\n\n\n\n<p>I principali programmi europei presentano guide specifiche sulla comunicazione. Ad esempio, Horizon2020 ne presenta varie versioni, tutte interessanti e con diversi livelli di analisi. <br>\u0086Le guide del programma INTERACT, cosa sono e dove trovarle. \u0086Abbiamo gi\u00e0 parlato delle ottime guide e materiali prodotti nell\u2019ambito del programma INTERACT. La piattaforma propone alcune guide specifiche sulla comunicazione particolarmente interessanti. \u0086Una \u201cguida di ispirazione\u201d per la comunicazione nei programmi Interreg (ma utile per ogni tipo di progetto e programma), integrata da un ancora pi\u00f9 interessante \u201ctoolkit\u201d pratico riguardante i diversi aspetti della comunicazione; \u0086Alcune presentazioni pi\u00f9 brevi e specifiche ma molto interessanti, dedicate alla produzione di \u201cvideo-storie\u201d e al concetto di \u201cnarrazione\u201d (storytelling) nell\u2019ambito della comunicazione di progetto. \u0086Non resta che leggere le guide di approfondimento pi\u00f9 adatte alle vostre necessit\u00e0 e puntare al meglio nella comunicazione sui vostri progetti europei<\/p>\n","protected":false},"author":1,"featured_media":23167,"menu_order":0,"comment_status":"closed","ping_status":"closed","template":"","meta":{"_acf_changed":false,"footnotes":""},"class_list":["post-23200","governance","type-governance","status-publish","has-post-thumbnail","hentry","meta_data_filter_cat-modelli-governance","meta_data_filter_cat-comunicazione","meta_data_filter_cat-comunicazione-dei-progetti-di-mobilita"],"translation":{"provider":"WPGlobus","version":"3.0.2","language":"it","enabled_languages":["en","it"],"languages":{"en":{"title":true,"content":true,"excerpt":false},"it":{"title":false,"content":false,"excerpt":false}}},"acf":[],"_links":{"self":[{"href":"https:\/\/www.rigenerativa.org\/it\/wp-json\/wp\/v2\/governance\/23200","targetHints":{"allow":["GET"]}}],"collection":[{"href":"https:\/\/www.rigenerativa.org\/it\/wp-json\/wp\/v2\/governance"}],"about":[{"href":"https:\/\/www.rigenerativa.org\/it\/wp-json\/wp\/v2\/types\/governance"}],"author":[{"embeddable":true,"href":"https:\/\/www.rigenerativa.org\/it\/wp-json\/wp\/v2\/users\/1"}],"replies":[{"embeddable":true,"href":"https:\/\/www.rigenerativa.org\/it\/wp-json\/wp\/v2\/comments?post=23200"}],"version-history":[{"count":5,"href":"https:\/\/www.rigenerativa.org\/it\/wp-json\/wp\/v2\/governance\/23200\/revisions"}],"predecessor-version":[{"id":23325,"href":"https:\/\/www.rigenerativa.org\/it\/wp-json\/wp\/v2\/governance\/23200\/revisions\/23325"}],"wp:featuredmedia":[{"embeddable":true,"href":"https:\/\/www.rigenerativa.org\/it\/wp-json\/wp\/v2\/media\/23167"}],"wp:attachment":[{"href":"https:\/\/www.rigenerativa.org\/it\/wp-json\/wp\/v2\/media?parent=23200"}],"curies":[{"name":"wp","href":"https:\/\/api.w.org\/{rel}","templated":true}]}}

<h5 class="wp-block-heading"><strong>Perché raccontiamo i progetti europei?</strong></h5>



<p class="has-text-align-left" style="font-size:15px">La comunicazione ha un ruolo sempre più importante in tutti gli ambiti nella vita, e i progetti europei non fanno eccezione. Il mondo moderno è fatto di immagini, comunicazioni digitali e storie da raccontare ad un pubblico abituato a comunicazioni rapide e d’impatto. I progetti europei si adeguano alla realtà che li circonda. La Commissione europea, così come le istituzioni e i finanziatori di progetti in tutto il mondo, tengono particolarmente a poter dimostrare (e incrementare ulteriormente) l’efficacia delle loro iniziative attraverso una buona comunicazione. Dunque, in primo luogo, comunichiamo perché il mondo ce lo chiede, così come ce lo chiedono la Commissione europea e i nostri finanziatori. Una buona strategia di comunicazione è decisiva nell’assegnazione e nella realizzazione di un progetto. Ma la comunicazione riserva anche altri vantaggi, non meno interessanti: ci mette in contatto con il nostro pubblico di riferimento e con i nostri partner, regalandoci spunti e opportunità importanti per la nostra attività; ci permette di capire meglio quello che stiamo facendo (a volte è davvero necessario, non è vero?); crea intorno a noi una buona immagine e una buona reputazione.</p>



<h5 class="wp-block-heading"><strong>Le dimensioni della comunicazione dei progetti europei</strong></h5>



<p style="font-size:15px">La comunicazione è (per definizione) un processo complesso e multiforme. Lo è ancora di più al giorno d’oggi, in cui le nuove tecnologie e i nuovi media digitali moltiplicano le opportunità e i mezzi per portare i nostri messaggi in tutto il mondo. Il concetto di comunicazione nei nostri progetti include alcuni aspetti strategici e concettuali: </p>



<ul class="wp-block-list">
<li>a chi comunichiamo, perché e con quali risorse? quali messaggi vogliamo passare e quale immagine vogliamo dare di noi e dei nostri progetti?</li>



<li>Dilemmi tipici: quale mix tra media classici e social media, comunicazione stampata e digitale, eventi e incontri, comunicazione classica e comunicazione virale?</li>



<li>Dubbi operativi, ma non meno amletici: avrò scelto l’immagine giusta, il linguaggio giusto, il momento giusto, il “testimonial” giusto?</li>
</ul>



<p>Una strategia di comunicazione può essere più o meno ambiziosa, ma è importante (e soprattutto, può funzionare) anche per progetti relativamente piccoli. Per aiutare esperti e profani nel mondo della “comunicazione di progetto” sono state pubblicate varie guide, alcune molto interessanti. Vediamone insieme alcune.</p>



<h5 class="wp-block-heading"><strong>Guide delle istituzioni europee: una selezione efficace</strong></h5>



<p>Iniziamo dalla fonte più ufficiale in assoluto, le istituzioni europee. Le guide proposte toccano temi molto generali, ma non sono meno interessanti. Suggeriamo in particolare: </p>



<ul class="wp-block-list">
<li>La guida della Commissione europea sulla scrittura chiara. Perché la buona comunicazione inizia da idee chiare e parole chiare (disponibile in tutte le lingue dell’UE);</li>



<li>Le linee-guida del Parlamento europeo sulla comunicazione, in particolare la seconda parte, dedicata all’uso delle immagini per “raccontare storie” in modo efficace;</li>



<li>Una guida per comunicare efficacemente i valori dell’UE e i diritti umani (perché ogni tipo progetto europeo, in ultima analisi, ne è difensore e promotore);</li>



<li>Una guida per la comunicazione gender-sensitive, tema sempre più importante in tutte le comunicazioni di progetto;</li>
</ul>



<p>La pagina con la lista dei materiali audiovisivi ufficiali delle istituzioni europee. Segnaliamo soprattutto le varie gallerie fotografiche (tra cui ad esempio, quella della Commissione europea, con un motore di ricerca per tematica e parola-chiave). Altre guide dalle istituzioni europee con specifiche sulla comunicazione. Altre istituzioni europee e autorità di gestione di programmi europei pubblicano guide ancora più specifiche, di sicuro interesse per chi si occupa di comunicazione sui progetti europei. Suggeriamo ad esempio: </p>



<ul class="wp-block-list">
<li>La guida metodologica di comunicazione del Consiglio d’Europa, che ripercorre in modo sintetico ed efficace tutte le tappe per la realizzazione di una strategia di comunicazione;</li>



<li>La guida per la comunicazione di progetto del programma Interreg IV-C e una guida su media, comunicazione e cittadinanza dell’iniziativa Civitas, entrambe meno recenti ma altrettanto ricche e complete;</li>



<li>Una guida per un uso efficace delle immagini, ricca di consigli pratici, preparata nell’ambito del programma di vicinato ENPI;</li>
</ul>



<p>I principali programmi europei presentano guide specifiche sulla comunicazione. Ad esempio, Horizon2020 ne presenta varie versioni, tutte interessanti e con diversi livelli di analisi. <br>Le guide del programma INTERACT, cosa sono e dove trovarle. Abbiamo già parlato delle ottime guide e materiali prodotti nell’ambito del programma INTERACT. La piattaforma propone alcune guide specifiche sulla comunicazione particolarmente interessanti. Una “guida di ispirazione” per la comunicazione nei programmi Interreg (ma utile per ogni tipo di progetto e programma), integrata da un ancora più interessante “toolkit” pratico riguardante i diversi aspetti della comunicazione; Alcune presentazioni più brevi e specifiche ma molto interessanti, dedicate alla produzione di “video-storie” e al concetto di “narrazione” (storytelling) nell’ambito della comunicazione di progetto. Non resta che leggere le guide di approfondimento più adatte alle vostre necessità e puntare al meglio nella comunicazione sui vostri progetti europei</p>
