{"id":23202,"date":"2022-12-14T15:05:13","date_gmt":"2022-12-14T14:05:13","guid":{"rendered":"https:\/\/governativa.comune.varese.it\/?post_type=modelli_governance&#038;p=23202"},"modified":"2022-12-21T12:47:43","modified_gmt":"2022-12-21T11:47:43","slug":"modello-2","status":"publish","type":"governance","link":"https:\/\/www.rigenerativa.org\/it\/governance\/modello-2\/","title":{"rendered":"I dati di GovernaTI-VA"},"content":{"rendered":"\n<h5 class=\"wp-block-heading\">Il programma di cooperazione Interreg<\/h5>\n\n\n\n<p style=\"font-size:15px\">Il Programma di cooperazione Interreg V-A Italia-Svizzera 2014-2020 contribuisce agli obiettivi della Strategia Europa 2020 e della Nuova Politica regionale svizzera (NPR), affrontando i bisogni comuni ai due versanti della frontiera e proponendosi di generare un significativo cambiamento nell\u2019area di cooperazione, tanto in termini di crescita della competitivit\u00e0 quanto di rafforzamento della coesione economica e sociale. Il Programma mette a fattor comune le risorse di cui dispongono le aree di frontiera in una logica di rete che consenta di:<\/p>\n\n\n\n<ul class=\"wp-block-list\">\n<li>Valorizzare sinergie e complementarit\u00e0 derivanti dalle peculiarit\u00e0 dei due versanti<\/li>\n\n\n\n<li> Fare massa critica per facilitare l\u2019introduzione di innovazioni e dare pi\u00f9 visibilit\u00e0 al territorio<\/li>\n\n\n\n<li>Generare economie di scala nella gestione dei servizi e nella promozione delle risorse del territorio, anche a partire da una migliore qualit\u00e0 e attendibilit\u00e0 dei dati<\/li>\n\n\n\n<li>Rafforzare e consolidare i sistemi di competenze e le capacit\u00e0 degli attori locali di affrontare le sfide comuni.<\/li>\n<\/ul>\n\n\n\n<h5 class=\"wp-block-heading\">Il Progetto GovernaTI-VA<\/h5>\n\n\n\n<p style=\"font-size:15px\">Un\u2019accresciuta capacit\u00e0 delle Amministrazioni comunali di attuare programmi e azioni di governance territoriale e di cooperazione tra Italia e Svizzera, condividendo buone pratiche e basi di conoscenza e sviluppando programmazioni congiunte. \u00c8 quanto si propone di ottenere il progetto \u201cGovernaTI-VA\u201d, all\u2019interno dell\u2019Asse 5 Rafforzamento \u0086della governance, che interessa un\u2019area geografica fortemente interconnessa per storia, cultura, economia: il Varesotto e il Canton Ticino. L\u2019incremento della capacit\u00e0 di governance interistituzionale e territoriale dei Comuni \u00e8 infatti una condizione indispensabile per favorire azioni di cooperazione tra le due parti del confine, a vantaggio dello sviluppo economico e sociale delle comunit\u00e0 locali. Il progetto GovernaTI-VA, attraverso una analisi di contesto accurata, la costruzione di infrastrutture di conoscenza, la condivisione di buone pratiche, l\u2019accompagnamento di processi di governance della mobilit\u00e0 e dell\u2019innovazione, la costituzione di condizioni per rendere sostenibili i risultati attesi, intende ridurre le criticit\u00e0 rilevate consolidando il ruolo di regia degli enti locali nella programmazione di azioni sovracomunali e transnazionali.<\/p>\n\n\n\n<h5 class=\"wp-block-heading\">Il progetto in Task <\/h5>\n\n\n\n<p style=\"font-size:15px\">Per quanto riguarda la Governance della mobilit\u00e0, il progetto Governa Ti Va parte dalla considerazione del fatto che il territorio del Canton Ticino e del Varesotto \u00e8 interessato da intensi flussi di mobilit\u00e0 connessi alle attivit\u00e0 lavorative, di studio e di turismo con problematiche infrastrutturali, di trasporto e di governo dei sistemi di gestione dei flussi transfrontalieri e che a questi flussi \u00e8 associato un alto livello di inquinamento il che comporta che le politiche di mobilit\u00e0 devono porre in primo piano l\u2019aspetto della sostenibilit\u00e0 ambientale.<br>Le attivit\u00e0 previste all\u2019interno del WP4 sono state articolate in Task:<br>Task 4.1.1 \u2013 Reperimento e trattamento Big Data<br>Task 4.1.2 \u2013 Analisi dei flussi di mobilit\u00e0 del territorio oggetto di studio<br>(Canton Ticino e Varesotto)<br>Task 4.2 \u2013 Analisi dei comportamenti di mobilit\u00e0 e propensione al<br>cambiamento coinvolgendo tramite una app i cittadini;<br>Task 4.3 \u2013 Raccolta e classificazione delle buone pratiche di mobilit\u00e0 presso<br>Enti locali dei due versanti e report finale in forma di e-book<br>Task 4.4 \u2013 Sviluppo di un sistema informativo integrato per la raccolta dei dati<br>di mobilit\u00e0.<\/p>\n\n\n\n<h5 class=\"wp-block-heading\">Da dove vengono i dati di mobilit\u00e0? <\/h5>\n\n\n\n<p style=\"font-size:15px\">Il seguente report scaricabile mostra obiettivi e approccio metodologico utilizzato durante il progetto Interreg GovernaTI-VA. Il focus si concentra sui dati di mobilit\u00e0, quali sono necessari, come si possono reperire e come utilizzarli. <\/p>\n\n\n\n<div class=\"wp-block-file\"><a id=\"wp-block-file--media-4624e93a-9e37-476e-a0b4-c13f337060b9\" href=\"https:\/\/www.rigenerativa.org\/wp-content\/uploads\/2022\/12\/Wp4_1-REPORT-DATI-MOBILITA-2.pdf\" target=\"_blank\" rel=\"noreferrer noopener\">Wp4_1-REPORT-DATI-MOBILITA-2<\/a><a href=\"https:\/\/www.rigenerativa.org\/wp-content\/uploads\/2022\/12\/Wp4_1-REPORT-DATI-MOBILITA-2.pdf\" class=\"wp-block-file__button wp-element-button\" download aria-describedby=\"wp-block-file--media-4624e93a-9e37-476e-a0b4-c13f337060b9\">Download<\/a><\/div>\n","protected":false},"author":1,"featured_media":23165,"menu_order":0,"comment_status":"closed","ping_status":"closed","template":"","meta":{"_acf_changed":false,"footnotes":""},"class_list":["post-23202","governance","type-governance","status-publish","has-post-thumbnail","hentry","meta_data_filter_cat-dati","meta_data_filter_cat-modelli-governance","meta_data_filter_cat-ricerca-e-analisi-del-dato-di-mobilita"],"translation":{"provider":"WPGlobus","version":"3.0.2","language":"it","enabled_languages":["en","it"],"languages":{"en":{"title":true,"content":true,"excerpt":false},"it":{"title":false,"content":false,"excerpt":false}}},"acf":[],"_links":{"self":[{"href":"https:\/\/www.rigenerativa.org\/it\/wp-json\/wp\/v2\/governance\/23202","targetHints":{"allow":["GET"]}}],"collection":[{"href":"https:\/\/www.rigenerativa.org\/it\/wp-json\/wp\/v2\/governance"}],"about":[{"href":"https:\/\/www.rigenerativa.org\/it\/wp-json\/wp\/v2\/types\/governance"}],"author":[{"embeddable":true,"href":"https:\/\/www.rigenerativa.org\/it\/wp-json\/wp\/v2\/users\/1"}],"replies":[{"embeddable":true,"href":"https:\/\/www.rigenerativa.org\/it\/wp-json\/wp\/v2\/comments?post=23202"}],"version-history":[{"count":4,"href":"https:\/\/www.rigenerativa.org\/it\/wp-json\/wp\/v2\/governance\/23202\/revisions"}],"predecessor-version":[{"id":23336,"href":"https:\/\/www.rigenerativa.org\/it\/wp-json\/wp\/v2\/governance\/23202\/revisions\/23336"}],"wp:featuredmedia":[{"embeddable":true,"href":"https:\/\/www.rigenerativa.org\/it\/wp-json\/wp\/v2\/media\/23165"}],"wp:attachment":[{"href":"https:\/\/www.rigenerativa.org\/it\/wp-json\/wp\/v2\/media?parent=23202"}],"curies":[{"name":"wp","href":"https:\/\/api.w.org\/{rel}","templated":true}]}}

<h5 class="wp-block-heading">Il programma di cooperazione Interreg</h5>



<p style="font-size:15px">Il Programma di cooperazione Interreg V-A Italia-Svizzera 2014-2020 contribuisce agli obiettivi della Strategia Europa 2020 e della Nuova Politica regionale svizzera (NPR), affrontando i bisogni comuni ai due versanti della frontiera e proponendosi di generare un significativo cambiamento nell’area di cooperazione, tanto in termini di crescita della competitività quanto di rafforzamento della coesione economica e sociale. Il Programma mette a fattor comune le risorse di cui dispongono le aree di frontiera in una logica di rete che consenta di:</p>



<ul class="wp-block-list">
<li>Valorizzare sinergie e complementarità derivanti dalle peculiarità dei due versanti</li>



<li> Fare massa critica per facilitare l’introduzione di innovazioni e dare più visibilità al territorio</li>



<li>Generare economie di scala nella gestione dei servizi e nella promozione delle risorse del territorio, anche a partire da una migliore qualità e attendibilità dei dati</li>



<li>Rafforzare e consolidare i sistemi di competenze e le capacità degli attori locali di affrontare le sfide comuni.</li>
</ul>



<h5 class="wp-block-heading">Il Progetto GovernaTI-VA</h5>



<p style="font-size:15px">Un’accresciuta capacità delle Amministrazioni comunali di attuare programmi e azioni di governance territoriale e di cooperazione tra Italia e Svizzera, condividendo buone pratiche e basi di conoscenza e sviluppando programmazioni congiunte. È quanto si propone di ottenere il progetto “GovernaTI-VA”, all’interno dell’Asse 5 Rafforzamento della governance, che interessa un’area geografica fortemente interconnessa per storia, cultura, economia: il Varesotto e il Canton Ticino. L’incremento della capacità di governance interistituzionale e territoriale dei Comuni è infatti una condizione indispensabile per favorire azioni di cooperazione tra le due parti del confine, a vantaggio dello sviluppo economico e sociale delle comunità locali. Il progetto GovernaTI-VA, attraverso una analisi di contesto accurata, la costruzione di infrastrutture di conoscenza, la condivisione di buone pratiche, l’accompagnamento di processi di governance della mobilità e dell’innovazione, la costituzione di condizioni per rendere sostenibili i risultati attesi, intende ridurre le criticità rilevate consolidando il ruolo di regia degli enti locali nella programmazione di azioni sovracomunali e transnazionali.</p>



<h5 class="wp-block-heading">Il progetto in Task </h5>



<p style="font-size:15px">Per quanto riguarda la Governance della mobilità, il progetto Governa Ti Va parte dalla considerazione del fatto che il territorio del Canton Ticino e del Varesotto è interessato da intensi flussi di mobilità connessi alle attività lavorative, di studio e di turismo con problematiche infrastrutturali, di trasporto e di governo dei sistemi di gestione dei flussi transfrontalieri e che a questi flussi è associato un alto livello di inquinamento il che comporta che le politiche di mobilità devono porre in primo piano l’aspetto della sostenibilità ambientale.<br>Le attività previste all’interno del WP4 sono state articolate in Task:<br>Task 4.1.1 – Reperimento e trattamento Big Data<br>Task 4.1.2 – Analisi dei flussi di mobilità del territorio oggetto di studio<br>(Canton Ticino e Varesotto)<br>Task 4.2 – Analisi dei comportamenti di mobilità e propensione al<br>cambiamento coinvolgendo tramite una app i cittadini;<br>Task 4.3 – Raccolta e classificazione delle buone pratiche di mobilità presso<br>Enti locali dei due versanti e report finale in forma di e-book<br>Task 4.4 – Sviluppo di un sistema informativo integrato per la raccolta dei dati<br>di mobilità.</p>



<h5 class="wp-block-heading">Da dove vengono i dati di mobilità? </h5>



<p style="font-size:15px">Il seguente report scaricabile mostra obiettivi e approccio metodologico utilizzato durante il progetto Interreg GovernaTI-VA. Il focus si concentra sui dati di mobilità, quali sono necessari, come si possono reperire e come utilizzarli. </p>



<div class="wp-block-file"><a id="wp-block-file--media-4624e93a-9e37-476e-a0b4-c13f337060b9" href="https://www.rigenerativa.org/wp-content/uploads/2022/12/Wp4_1-REPORT-DATI-MOBILITA-2.pdf" target="_blank" rel="noreferrer noopener">Wp4_1-REPORT-DATI-MOBILITA-2</a><a href="https://www.rigenerativa.org/wp-content/uploads/2022/12/Wp4_1-REPORT-DATI-MOBILITA-2.pdf" class="wp-block-file__button wp-element-button" download aria-describedby="wp-block-file--media-4624e93a-9e37-476e-a0b4-c13f337060b9">Download</a></div>
